e f(-8).
-3
Let d(b) = -10*b + 17. Calculate d(2).
-3
Let t(d) = d**3 + d**2 - 2*d - 59. Give t(0).
-59
Let k(x) = x**2 + 8*x - 12. What is k(-9)?
-3
Let s(x) = x**3 - 11*x**2 + 12*x - 11. Give s(10).
9
Let h(r) = r**2 - 12*r - 36. What is h(10)?
-56
Let m(b) = 2*b**2 - 3*b - 2. Determine m(3).
7
Let z(g) = g**3 - 4*g**2 - 35*g + 128. Give z(6).
-10
Let r(k) = -3*k. Give r(6).
-18
Let o(t) = 2*t - 41. What is o(22)?
3
Let k(u) = -14*u**3 + 2*u**2 - 1. Determine k(-1).
15
Let f(a) = a - 18. Give f(0).
-18
Let h(m) = -m**2 - 4*m + 9. Calculate h(-8).
-23
Let h(l) = -l**2 - 12*l - 15. Determine h(-6).
21
Let u(n) = -n**3 + 6*n**2 + 27*n - 6. Calculate u(9).
-6
Let t(d) = -2*d**2 - 2*d - 7. Give t(-5).
-47
Let f(p) = 3*p**2 - 9*p - 11. Determine f(9).
151
Let u(y) = 4*y - 31. Calculate u(0).
-31
Let l(s) = -11*s - 55. Calculate l(-7).
22
Let f(v) = v**3 - 2*v**2 - 24*v. Give f(6).
0
Let a(i) = -15*i**2 + 2*i - 3. Determine a(1).
-16
Let p(v) = -v**3 - 9*v**2 - 9*v - 3. Calculate p(-8).
5
Let v(b) = b - 7. What is v(7)?
0
Let v(o) = 3*o - 46. Give v(26).
32
Let f(h) = -h**2 + 2*h + 1. Determine f(6).
-23
Let v(t) = t**3 - t**2 + 1. Determine v(-1).
-1
Let f(s) = -s**3 + s**2 - 3*s + 3. Calculate f(2).
-7
Let x(d) = -3*d + 56. Give x(18).
2
Let x(i) = -8*i + 167. Calculate x(22).
-9
Let c(n) = 3*n - 9. What is c(-20)?
-69
Let b(g) = -g**3 + 2*g**2 + g - 15. Calculate b(0).
-15
Let m(t) = t**3 + 3*t**2 - 7*t - 8. Determine m(-4).
4
Let m(q) = 6*q - 13. Calculate m(-7).
-55
Let d(v) = 2*v**2 - 4*v + 2. Determine d(4).
18
Let l(k) = -16*k - 28. Calculate l(-2).
4
Let c(a) = -2*a + 31. Give c(17).
-3
Let w(k) = 95*k - 174. Calculate w(2).
16
Let j(b) = -b**3 - 2*b**2 + 10*b + 2. Determine j(-4).
-6
Let m(l) = l**2 - 2*l - 4. Calculate m(6).
20
Let q(m) = -43*m**2 + 2*m - 1. Calculate q(1).
-42
Let k(c) = c**3 - 9*c**2 - 25*c + 34. Determine k(11).
1
Let k(y) = -y**2 + 20*y + 8. Determine k(20).
8
Let h(w) = w**2 - 15*w + 18. Determine h(13).
-8
Let s(c) = -2*c**2 + 2*c. Calculate s(1).
0
Let t(d) = 3*d - 17. What is t(6)?
1
Let h(n) = 13*n + 31. Give h(-6).
-47
Let s(n) = n - 14. Determine s(12).
-2
Let j(r) = -11*r**2 + 2*r - 1. Give j(-1).
-14
Let i(j) = -2*j**3 + 21*j**2 + 13*j - 16. Give i(11).
6
Let p(w) = 7*w + 139. Calculate p(0).
139
Let q(y) = -y**3 - 10*y**2 + 14*y + 1. Determine q(-11).
-32
Let o(z) = z**3 + 10*z**2 - 4*z - 4. Calculate o(-10).
36
Let i(x) = -x + 26. Give i(19).
7
Let x(b) = b**2 - 11*b + 8. Determine x(9).
-10
Let l(h) = h - 95. What is l(11)?
-84
Let c(s) = -s**3 - 8*s**2 + 2*s + 2. Calculate c(-7).
-61
Let j(w) = w**2 + 2*w + 21. Give j(0).
21
Let z(i) = i**3 + i**2 + 2*i. Calculate z(0).
0
Let i(l) = 2*l + 9. Determine i(-6).
-3
Let q(g) = g**2 + 10*g + 14. Determine q(-3).
-7
Let g(o) = 2*o**3 + 7*o**2 - 14*o - 1. Give g(-5).
-6
Let x(m) = m**3 - 3*m**2 + 2*m - 1. Determine x(3).
5
Let s(n) = -n**2 + 8*n - 5. Calculate s(6).
7
Let x(w) = w**3 + 7*w**2 - 7*w. Calculate x(-4).
76
Let x(h) = 2*h**2 - 10*h + 18. Calculate x(6).
30
Let i(o) = -32*o + 6. Give i(-1).
38
Let r(x) = -2*x**3 + 2*x**2 - 2*x + 4. Give r(3).
-38
Let y(v) = -v**2 + 10*v - 5. Calculate y(0).
-5
Let n(w) = w**2 - 10*w - 2. What is n(9)?
-11
Let m(i) = 12*i - 6. Determine m(-2).
-30
Let p(m) = m**3 - 11*m**2 + 13*m - 2. Give p(10).
28
Let w(s) = 2*s + 29. What is w(-19)?
-9
Let c(x) = x**2 + 9*x - 29. Give c(-9).
-29
Let t(i) = -i**3 - 25*i**2 + 187*i + 34. Determine t(-31).
3
Let g(u) = u**3 + 25*u**2 - 23*u + 34. Calculate g(-26).
-44
Let i(b) = 8*b - 36. What is i(4)?
-4
Let r(z) = z**2 - 24*z - 12. Determine r(11).
-155
Let a(s) = -38*s + 238. Determine a(7).
-28
Let h(o) = 10*o**2 - 2*o - 1. What is h(-1)?
11
Let q(k) = 23*k + 91. Give q(-4).
-1
Let v(a) = -2*a**3 - 2*a**2 - 2*a + 1. What is v(2)?
-27
Let x(l) = l**2 - 7*l + 10. Determine x(3).
-2
Let o(c) = -c + 18. Determine o(6).
12
Let q(r) = 12*r - 78. Calculate q(8).
18
Let l(f) = -17*f**3 - 12*f**2 - 10*f + 1. What is l(-1)?
16
Let x(m) = -m - 34. Determine x(8).
-42
Let i(w) = 54*w + 545. Calculate i(-10).
5
Let m(z) = -z**2 - z - 1. Determine m(-1).
-1
Let v(r) = r**3 + 13*r**2 - 30*r - 11. Give v(-15).
-11
Let f(u) = u**3 + 14*u**2 - 16*u + 3. What is f(-15)?
18
Let p(j) = -j**3 + 3*j**2 + 21*j - 21. Give p(6).
-3
Let w(t) = 20*t**3 + 5*t**2 - 3*t - 3. Give w(2).
171
Let r(b) = b**3 + 6*b**2 - 13*b - 19. Give r(-9).
-145
Let p(u) = 10*u**3 - 2*u**2 - 4*u - 2. What is p(-1)?
-10
Let z(a) = 30*a**3 + a + 1. Calculate z(-1).
-30
Let v(j) = j**3 - 19*j**2 + 17*j + 22. Calculate v(18).
4
Let j(d) = -d**2 - 3*d - 2. Determine j(-2).
0
Let b(a) = a**3 - 9*a**2 + 8*a - 22. Calculate b(9).
50
Let f(a) = 2*a**2 - 4. What is f(3)?
14
Let f(u) = -u**3 - 20*u**2 + 17. Determine f(-20).
17
Let a(v) = -4*v + 12. Give a(7).
-16
Let f(b) = -11*b + 7. Calculate f(6).
-59
Let n(s) = -s - 1. What is n(2)?
-3
Let w(r) = -r**3 - 22*r**2 - 31*r - 15. What is w(-21)?
195
Let o(i) = i - 33. Give o(0).
-33
Let d(a) = a**3 - 5*a**2 - 7*a + 3. Give d(6).
-3
Let f(p) = p**3 + 11*p**2 + 20*p - 48. Calculate f(-7).
8
Let y(c) = -c**3 - 13*c**2 - c - 16. Calculate y(-13).
-3
Let r(g) = g**2 + g + 5. Calculate r(0).
5
Let b(q) = q**2 - 12*q + 18. Give b(12).
18
Let b(c) = c - 7. Give b(1).
-6
Let z(j) = j**2 - 24*j - 10. Give z(21).
-73
Let p(w) = 2*w**3 + 47*w**2 - 75*w - 6. Give p(-25).
-6
Let k(r) = r**3 - 7*r**2 + 2*r - 9. Determine k(7).
5
Let x(g) = -4*g + 1. Determine x(1).
-3
Let u(r) = 66*r - 472. Give u(7).
-10
Let i(n) = 2*n - 16. What is i(11)?
6
Let h(j) = -3*j**2 + 32*j + 67. What is h(11)?
56
Let p(s) = -s**2 - 20*s - 2. Give p(-20).
-2
Let x(o) = -2*o**3 + 42*o**2 + 17. Calculate x(21).
17
Let j(i) = 2*i. Calculate j(-3).
-6
Let i(z) = z**3 - 10*z**2 + 15*z + 5. Calculate i(8).
-3
Let t(a) = -2*a - 53. Determine t(-28).
3
Let r(f) = 5*f**2 + 29*f - 9. Calculate r(-8).
79
Let b(a) = -a**3 + 9*a**2 - 10*a + 10. Determine b(8).
-6
Let o(d) = -d**2 - 3*d - 9. Determine o(-4).
-13
Let q(s) = s**3 - s**2 - 3*s + 1. Give q(2).
-1
Let s(x) = 5*x**2 + 24*x - 9. Give s(-5).
-4
Let i(q) = q**3 - 5*q**2 + q + 3. Determine i(4).
-9
Let b(c) = -c**2 + 6*c + 8. What is b(7)?
1
Let d(o) = 2*o**3 + 10*o**2 + 7*o + 4. Determine d(-4).
8
Let s(d) = -d**3 + 18*d**2 + 39*d + 3. Determine s(20).
-17
Let n(o) = 4*o - 2. What is n(-6)?
-26
Let z(v) = 2*v + 14. Give z(0).
14
Let o(f) = f**3 + 6*f**2 + 15*f + 46. Determine o(-5).
-4
Let p(s) = -s**3 - 9*s**2 - 17*s + 11. What is p(-6)?
5
Let u(s) = -s**3 - 3*s**2 - 8*s - 3. Give u(-3).
21
Let d(f) = -f**2 + 7*f - 7. Calculate d(3).
5
Let r(x) = x + 7. Calculate r(8).
15
Let u(k) = -k - 1. Determine u(3).
-4
Let s(k) = 10*k + 2. Calculate s(3).
32
Let v(s) = s**2 - 66*s + 977. Determine v(43).
-12
Let w(z) = -2*z - 5. Give w(3).
-11
Let v(o) = 14*o + 55. What is v(-4)?
-1
Let k(j) = -j + 11. Give k(6).
5
Let y(g) = -9*g - 75. Give y(-9).
6
Let c(f) = f**3 - 11*f**2 - f - 1. Give c(11).
-12
Let z(l) = 2*l**3 - 2*l**2 - 4. Calculate z(3).
32
Let r(d) = -8*d + 54. Determine r(18).
-90
Let u(s) = 3*s + 15. What is u(-6)?
-3
Let s(i) = -i**2 - 8*i + 137. What is s(7)?
32
Let i(r) = 2*r**2 - 22*r - 17. Calculate i(12).
7
Let f(l) = -l**3 + 6*l**2 - 10*l + 23. Give f(6).
-37
Let k(s) = 14*s - 14. What is k(5)?
56
Let g(h) = 3*h**2 + 12*h + 40. Determine g(-5).
55
Let k(j) = -j**3 + 4*j**2 + j. Determine k(3).
12
Let l(c) = 5*c - 14. What is l(4)?
6
Let n(q) = -q**2 + 5. Determine n(0).
5
Let f(t) = -t**3 + 5*t**2 + 38*t - 6. Give f(9).
12
Let q(j) = j**3 - 2*j**2. Give q(-3).
-45
Let t(a) = -a**2 + a - 3. Calculate t(2).
-5
Let v(p) = p + 4. Give v(16).
20
Let q(i) = -i**2 - 2*i - 1. What is q(3)?
-16
Let p(o) = -o**3 + 9*o**2 - 8*o - 9. Calculate p(8).
-9
Let x(y) = y + 13. Calculate x(3).
16
Let u(h) = -3*h**3 + 3*h - 2. What is u(-2)?
16
Let l(u) = -u**3 + 5*u**2 + 4*u + 18. Determine l(6).
6
Let c(a) = -a**2 - 8*a - 5. Determine c(-5).
10
Let p(s) = s**3 - 6*s**2 - 5*s + 8. What is p(7)?
22
Let o(x) = -x**3 - 8*x**2 + 35*x + 3. What is o(-11)?
-19
Let h(q) = -8*q + 25. Determine h(3).
1
Let m(l) = -l**3 - 9*l**2 + 2*l + 15. What is m(-9)?
-3
Let q(b) = -5*b - 45. Determine q(-9).
0
Let d(z) = z + 50. What is d(5)?
55
Let n(o) = o**3 + 4*o**2 + 6*o + 14. Calculate n(-4).
-10
Let r(